pose s - 4 = 0, 582 = 4*p - 2*s + l. What is the hundreds digit of p?
1
Suppose 0 = 4*y + w - 3760, -3*y + 4500 = 5*w + 1680. What is the hundreds digit of y?
9
Suppose -4*d = -3*g - 1853, 5*d - 4*g - 954 = 1362. What is the tens digit of (4 - 1)*d/24?
5
Suppose 1 = d - 2. Suppose 27 = -d*o - 9. What is the units digit of 166/8 + (-3)/o?
1
Let t be (-15)/12*46*-2. Let a be (0 + 6)*4/(16/10). Suppose t = 4*q + a. What is the units digit of q?
5
Let t(x) = 5*x + 48. Let n be t(-9). Suppose 0 = -n*r + 203 - 50. What is the tens digit of r?
5
Let g be 6*(3 - 48/9). Let x = 5 + g. What is the units digit of 0 + -4 + 2 - x?
7
Let a(x) = x**3 + 9*x**2 - x - 11. Let v = -9 - -5. What is the tens digit of a(v)?
7
Let o(k) = 2*k**2 + k + 13. Let r be o(0). Suppose -r*t - 88 + 257 = 0. What is the tens digit of t?
1
Suppose 2*i = -i + 126. Suppose -40*t = -i*t + 30. What is the tens digit of t?
1
Let m = -111 - -665. What is the hundreds digit of m?
5
Let p(x) = -x**3 - 42*x**2 + 30*x - 8. What is the units digit of p(-43)?
1
Suppose -5*a + 61 = 21. Suppose -4*q - 7 + 19 = 0. Suppose 2*n + 6 = q*x + 14, -2*n - a = 5*x. What is the units digit of n?
1
Let f = 560 + 410. What is the units digit of f?
0
Suppose x = -0*x - 287. Let i = -184 - x. What is the units digit of i?
3
Let t(s) = 5*s**3 - 52*s**2 - 53*s - 21. Let b(i) = i**3 - 13*i**2 - 13*i - 5. Let j(c) = -9*b(c) + 2*t(c). What is the tens digit of j(-12)?
1
Suppose -3*b - 3*s = -2*b - 8, -b + 1 = -4*s. Suppose -3*c - w + b*w = 26, 2*w = -5*c. What is the tens digit of c*(-44)/(3 - -1)?
2
Let f(d) = -20*d + 136. What is the tens digit of f(-18)?
9
Suppose 0 = -14*w + 7174 + 302. What is the hundreds digit of w?
5
Let j be -6*(-2)/4*1. Suppose -c - v + 102 = 2*c, j*c = -5*v + 102. What is the units digit of c?
4
Suppose -6*k + 5*b = -k - 9585, 4*b = -12. What is the units digit of k?
4
Let b(v) = -v**2 + 11*v - 15. Let k be b(6). Let q be 5/k + (-4)/(-6). What is the tens digit of 0 + q + 66 + -3?
6
Let o(j) = j**2 + 10*j - 27. Let x be o(-13). Let z(f) = -2*f + 36. What is the units digit of z(x)?
2
Let z = -1219 + 1790. What is the units digit of z?
1
Suppose 472 = s - 2*k, k + 2207 = 5*s - 117. What is the units digit of s?
4
Let x be ((-165)/3)/(3 - 2). Let b = x + 79. What is the units digit of b?
4
Suppose 0 = -6*r + 4*r. Suppose r = 6*h - 7*h - 3. What is the units digit of (h/(-4))/(2/40)?
5
Let c be 9/3 - 1 - -2. Suppose f - 4*t - 248 = c, 0 = -3*t - 6. What is the tens digit of f?
4
Suppose 62*g = 52*g + 4460. What is the units digit of g?
6
What is the tens digit of (-10982)/(-6) - 316/237?
2
Suppose -3*f = 3*h - 5*f + 6, -4*h + f - 3 = 0. Suppose 2*y - 4*y + 4 = h. What is the tens digit of (-18)/(y + 32/(-12))?
2
Let f = -220 + 2596. What is the thousands digit of f?
2
Suppose 10 - 2 = 4*u, 0 = -3*v + 3*u. Suppose -4*r + 118 = 2*f, -3*r - 2*r + 134 = -v*f. What is the units digit of (r - 0)*6/7?
4
Let f = 21 - 36. Let n = 9 + f. What is the tens digit of n/4 - 99/(-6)?
1
Let f(g) = -676*g + 69. What is the units digit of f(-4)?
3
Suppose -25 - 24 = -7*j. Let p(w) = w**2 - 5*w - 2. What is the tens digit of p(j)?
1
Let a(z) = 11*z**2 - z**3 - 2*z**2 + 9 - 8*z + 0*z**3. Suppose -t - 8 + 19 = n, n = 5*t - 7. What is the units digit of a(n)?
9
Suppose -l = 3*l + 4*n + 8, 4*l - 3*n = 27. Suppose v = -v + 2*f + 60, -4*f = -l*v + 88. Suppose 0 = -3*y + 52 + v. What is the units digit of y?
8
Let a be (9 - 9) + 3*7. Let d be 2*(1 + a/6). Suppose d = 5*k - 1. What is the units digit of k?
2
Let t(i) = -i**2 - 4*i - 2. Let f be t(-4). Let j = f - -4. Let r(c) = 5*c - 2. What is the units digit of r(j)?
8
What is the tens digit of ((-45)/2)/(87/(-1972))?
1
Let j = 46 - 4. Suppose 0*s = 3*s - j. What is the tens digit of s?
1
Let s(u) = -81*u - 23. What is the hundreds digit of s(-4)?
3
Let u(a) = 2*a**3 - 26*a**2 - 37*a - 20. What is the units digit of u(16)?
4
Let q be 12/4*4/(-6). Let a = q + 4. What is the units digit of (-4)/a - -1 - -22?
1
Let u be (-2)/7 + (-27675)/(-63). Suppose -u + 79 = -6*h. What is the tens digit of h?
6
Let q be -1 + 2 + 4 + 4. Let w = 12 - 8. Suppose 0 = w*g + 16, 0 = o + 4*g + q. What is the units digit of o?
7
Let m = -10 - -7. Let i(y) = 2*y - 1. Let w(u) = 3*u + 7. Let z(g) = -i(g) + w(g). What is the units digit of z(m)?
5
Let o(n) = -n + 8. Suppose -f + 3 = -0*f. Suppose 3*j + 6 = -f, -4*t - 3*j = 9. What is the units digit of o(t)?
8
Let h(z) = z**3 + 8*z**2 - 10*z - 3. Let s be (2*-9)/(-2)*-1. Let y be h(s). What is the units digit of 1 + y/((-3)/(-3))?
7
Let d = -24 - -16. Suppose -18*g + 357 = -g. Let q = g + d. What is the units digit of q?
3
Suppose -2*f = -v - 391, 2*f - 4*f + 2*v + 388 = 0. Let b = f - 52. Suppose -3 = -w, -4*o + 84 = -5*w - b. What is the tens digit of o?
6
Suppose -38*n = 21*n - 36403. What is the units digit of n?
7
Suppose 4*h - 4 = p - 1, p = h + 3. Suppose p*i - 50 = 5*g, -2*i - g = -i - 16. Let x = 16 + i. What is the units digit of x?
9
Suppose 19 = -2*i + 5*r, 4*i + 5*r = 33 + 4. Suppose 6*q + 90 = i*q. Let j = 47 + q. What is the tens digit of j?
1
Let m(d) be the first derivative of d**4/2 + 2*d - 3. Let h be (8/10)/((-8)/(-20)). What is the tens digit of m(h)?
1
Let m(c) = -c**3 + 13*c**2 + c - 8. Let i be m(13). Let l = 5 - i. What is the tens digit of (l - 1)/((-7)/357)?
5
Suppose f - 4*a - a = 1161, -5*a = -4*f + 4659. What is the thousands digit of f?
1
Suppose 27*a - 32*a = -1410. What is the units digit of a?
2
Let b = 5945 - 3513. What is the hundreds digit of b?
4
Let a = 15 - 13. What is the units digit of (-6)/(-3)*23/a?
3
What is the units digit of (13/26)/((-2)/(-228))?
7
Suppose 66 = 5*u - 11*u. Let i(c) = c**2 + 7*c - 26. What is the tens digit of i(u)?
1
Let u be (24/(-32))/(-1 - 174/(-176)). Suppose u = k - 236. What is the units digit of k?
2
What is the units digit of (1423848/360 - 24) + 4/(-30)?
1
Let n(c) = c**3 - 3*c**2 + 2*c + 2. Let h be n(2). Let x(r) = -15*r - r**3 - 10*r**h + 9 - r**2 - 10. What is the tens digit of x(-10)?
4
Let y(p) = 2*p - 8. Let f be y(6). Suppose d - 19 = -3*v, -3*v - f*d - 1 = -5. Suppose -5*i - 39 = -v*i. What is the tens digit of i?
1
Suppose 3*l - o = 1564 + 101, 3*l - 4*o = 1656. What is the units digit of l?
6
Suppose 2*d - 7 - 3 = 0. Let h be (6 - 0/(-3)) + -2. Suppose d*z + 4*w - 177 = 0, h*w = 3*w - 2. What is the units digit of z?
7
Let u = 6 - 4. Suppose -4*n = 3*h - 8, 0 = -5*h + 4*n - u*n - 30. What is the tens digit of (-9)/h*(-6 - -26)?
4
Suppose 0 = s - 5*m - 2126, 5*s - 98*m = -101*m + 10630. What is the hundreds digit of s?
1
Suppose -24*i + 26664 = -0*i. What is the thousands digit of i?
1
Suppose -29*b + 19580 = -9*b. What is the units digit of b?
9
Suppose -5*x = 3*g - 534, -2*g = 5*x - 3*g - 522. Let m = x - -51. What is the hundreds digit of m?
1
Suppose 6*s - 6 = 4*s. Suppose -2*f + 3*i + 224 = s*f, 5*f - 206 = -3*i. What is the tens digit of f?
4
Let d = -5 - -10. Suppose 403 = d*f + 38. What is the tens digit of f?
7
Suppose 6 + 12 = 3*r. Let j(l) = -l + 6. Let f be j(r). Suppose 2*h - 92 = -3*u, -h + 61 = 2*u - f*h. What is the tens digit of u?
3
Let n(c) be the third derivative of -c**7/1008 - c**6/80 - c**5/15 + 4*c**2. Let i(t) be the third derivative of n(t). What is the units digit of i(-6)?
1
Suppose a - 18 = -4*t - 0*t, a = t - 2. Suppose 0 = a*b - 20 - 66. What is the units digit of b?
3
Let x(z) be the third derivative of -z**6/120 - z**5/12 - z**4/12 - 2*z**3/3 + 3*z**2. Let y = -5 - 0. What is the units digit of x(y)?
6
Suppose 5*j = f - 98, -3*j - 88 = 2*f - 3*f. Let x = 13 - 10. Suppose 0 = 5*v - 4*t - 191, -2*v + f = -2*t - x*t. What is the units digit of v?
9
Suppose -5*b + 160 = -2*f, -83 = -6*b + 4*b - 3*f. Let y = b + -6. What is the units digit of y?
8
What is the tens digit of (-8308)/(-20) + 1 + (-14)/10?
1
Let a(y) = 5*y + 24. Let z be a(-4). Suppose -4*d + 376 = z*d. What is the tens digit of d?
4
Let r = 3 - 2. Suppose g = 4 + r. Suppose -z = -2 - g. What is the units digit of z?
7
Suppose -141 + 939 = 2*u. Suppose -411 = -6*j + u. What is the tens digit of j?
3
Suppose 5*j = 5*n + 450, -9*j + 10*j - 70 = 5*n. What is the units digit of j?
5
What is the units digit of (1/(-2) - (-1316)/56)*29?
7
Let p(y) = -y**3 - 6*y**2 -